 is 9 + -14 + 33 - 57?
-29
0 + -38 - (-18 + 19) - -14
-25
Evaluate -5 - (-32 - (5 - (-7 + 13) - 2)).
24
What is the value of -4 + 2 - (11 - 4) - -16?
7
21 + -3 + -10 + (-21 - -6)
-7
66 + 109 + -180 + (-3 - -1) + 13
6
-17 - (-21 + -3 + 6 + 10 - -15)
-24
3 + (-20 - -5) + 21
9
8 + 0 + -7 + 10 + -24
-13
Calculate 23 + -30 + -5 + 10 + -2.
-4
(-6 - (5 - 12 - -9)) + 6
-2
What is the value of -6 + (-5 - -26) - 7?
8
What is 5 + 1 - (-7 - (-19 + (10 - 2)))?
2
10 + -42 + -40 + 50
-22
What is (1 - (-14 + 3)) + (-305 - -305)?
12
-3 - (0 - 20) - (2 + 9 + -7)
13
What is -8 - (20 - (14 - 2))?
-16
Evaluate -18 + (2 - -16) + (-1 - 31).
-32
What is -1 - ((12 + -12 - 4) + (0 - -1))?
2
What is the value of 5 - -1 - (-13 - (-21 - 7 - -14))?
5
What is -13 + 20 + (-19 - -28)?
16
What is the value of (-106 - -110) + (7 - 5 - 9)?
-3
What is -5 - (26 + -44 + -11 + 1 - 4)?
27
(39 - 36) + (5 - 5 - -5) + -16
-8
Evaluate (-4 - 3 - -2) + 27 + (-26 - -29).
25
Calculate 7 + 4 - (63 - (-34 - -83)).
-3
Evaluate 11 - (22 + -27) - (0 - -6).
10
Evaluate -5 + 2 + 16 - 17.
-4
-148 + 159 - ((3 - 3) + 6)
5
Evaluate (2 - (0 - 2)) + -29 + 31.
6
What is the value of -2 - (-7 - (-11 + 2))?
-4
Evaluate -2 + ((3 - 4) + 3 - 7) + 5.
-2
Evaluate 0 - 3 - (-17 + (13 - 5)).
6
4 + (-5 - (0 - 1 - (-3 - -11)))
8
Evaluate -7 + 1 + (-15 - -10) - 9.
-20
Calculate -4 + -6 + (11 - -10) - 3.
8
What is 229 - 225 - ((2 - 0) + -11)?
13
Calculate (18 - (-17 + 41)) + 1.
-5
What is (0 + 2 - (28 - (-5 + 11))) + 8?
-12
What is the value of -5 + 10 + -12 - 1?
-8
5 + -14 + (38 - 40)
-11
7 + (3 + -2 - 4) + -14 + 3
-7
(0 - 1) + 0 - (-2 - -9)
-8
What is the value of (-1 - -15) + (62 - 45) + -46?
-15
What is -32 + 9 + (-6 - (-3 + 4) - -2)?
-28
What is -32 + 0 - (-10 + -3)?
-19
Evaluate -94 - -75 - (-2 - 16).
-1
3 + -15 + -2 - (-665 - -650)
1
Calculate -4 - 30 - -8 - -7 - -11.
-8
(-11 + -18 + 3 - -7) + 12
-7
Evaluate (3 - 26) + 0 + 7.
-16
Evaluate -1 + (-26 + 18 - -6).
-3
(218 - 190) + -2 + -49
-23
Calculate (-7 - 1) + (-4 - (-3 - 6 - -9)).
-12
What is the value of -6 + (-24 - -36) - (5 - -2) - -17?
16
(-7 - 0 - 5) + (12 - 7)
-7
What is the value of (-1 - 3) + (-11 - -21) + -6?
0
What is the value of -17 + 20 + (-2 - (6 - (-6 + 1)))?
-10
What is the value of (-919 - -928) + (5 - (-2 + 0))?
16
What is the value of -7 + (2 - (-3 + 7) - (-15 + 6))?
0
4 + -6 + 7 + 5
10
-2 + (-7 - -10) + 8 - 5 - -9
13
Calculate (4 + -3 - 3 - (-5 - 2)) + 0.
5
(-389 - -368) + (0 - -41)
20
Evaluate (6 - -3) + (-17 - (18 + -39)).
13
What is (3 - 0) + 12 - (89 + -48)?
-26
What is -2 + (-6 - -6 - -14)?
12
What is the value of 27 + 30 - (36 - 3)?
24
Evaluate -1 + 1 + (2 - 24 - -25).
3
Calculate (-97 - -91) + 19 + 1 + 1 + -1.
14
What is (22 - (-19 + 23)) + 2 + -11?
9
Calculate (-3 - 0) + 15 + (-10 - -7).
9
Evaluate (-19 - -8) + (5 - -8).
2
Calculate -12 - 1 - (-106 - -91).
2
(9 - 3 - 14) + (-26 - -25)
-9
What is the value of -3 + 11 + 3 + 12 + -7 + -11?
5
Calculate (-8 - ((-62 - -70) + -1 + -14)) + -7.
-8
7 + (-11 - (-17 + 22))
-9
Evaluate (-9 - (0 + -2)) + 8.
1
32 + -36 + -6 + 9
-1
What is (93 - 91) + 22 + -6?
18
Calculate 22 - 10 - (23 - 24).
13
Evaluate 6 + 6 + -1 + -37 + 4.
-22
Calculate -14 + (35 + -23 - (1 + 7)).
-10
What is the value of 0 + (6 - (6 + 1 - 4))?
3
What is the value of 17 - (15 - (3 - 13))?
-8
Evaluate -13 - (-8 + 3) - ((-5 - 0) + 9).
-12
What is (-2 - -1) + -1 + -13 + 1 + -2?
-16
What is (-33 - (-2 - 5)) + (0 - -7) + 3?
-16
Evaluate 2 + -21 - (-8 - (12 - 22 - -8)).
-13
What is 321 - 322 - ((3 - 1) + 14 + -3)?
-14
What is (8 - -5) + 1 + -3 + 9 + -15?
5
What is 17 - 6 - (28 + -7)?
-10
Evaluate -6 - (70 - 73 - (-10 - -1)).
-12
7 + (-9 - (12 + -15))
1
Calculate (33 + -14 - (3 + 34)) + 50.
32
What is the value of (-1 - -1 - 12) + -26 + 20 + 7?
-11
Evaluate (14 - -4) + -17 + 11 - -18.
30
Calculate (4 + -14 - -3) + -3 + (67 - 31).
26
What is -1 - 2 - ((7 - 15) + -3)?
8
-36 - -28 - (1 + -14 + -2)
7
0 - -10 - 1 - (74 + -189 - -124)
0
What is the value of -8 - (6 + -5 - 23)?
14
Evaluate -385 + 394 + (-2 - 17).
-10
What is the value of (-6 - -4) + -6 - (-4 + (5 - -10))?
-19
11 - (7 + 2 + 18)
-16
Evaluate (-8 - -1) + 1 + (51 - 53).
-8
What is the value of 18 - 31 - -10 - 10?
-13
Calculate 0 + -7 + (-9 - (7 - 10)) + 10.
-3
What is the value of -34 - (109 + -94 + -9 + -1 + -12)?
-27
What is the value of 3 + -1 - ((3 + 2 - -10) + -27)?
14
What is 5 - -29 - 30 - (8 + (-4 - -2))?
-2
What is the value of 0 + 6 + -124 + 113?
-5
Evaluate 5 + -2 - (-17 - -20).
0
What is 0 + (7 - (11 + -5)) + -41 + 8?
-32
What is the value of 22 + 12 + 19 + -6 + -29?
18
Evaluate (-5 - 8) + (-3 - -20).
4
Evaluate 7 - (13 + -9) - (-8 - -2) - -10.
19
What is (23 - 13) + -58 + 25?
-23
Evaluate -45 - -46 - (2 - 11).
10
What is the value of -101 + 125 - (18 - 14)?
20
Evaluate -3 - (-3 + -7) - 9 - 6.
-8
What is (47 - 16) + -77 - -20?
-26
What is (-6 - 0) + 32 - (0 - -3) - 3?
20
Evaluate 0 + (4 - 6) + -2 + 0 + 0.
-4
What is 25 - (10 + (1 - (-1 + 0)))?
13
What is the value of -6 + (25 - 11) - 10?
-2
What is -4 - (2 + 10 + -13 - (5 + -1))?
1
Calculate -10 - (3 + -8 + 11 + -6).
-10
Calculate 8 + -5 + (0 - 5) + 8.
6
What is the value of 11 + -14 + (14 + -4 - 1) + 7?
13
Calculate 96 + -30 + -9 - 27.
30
What is (-2 - -8) + -31 + 20?
-5
Evaluate (-34 - -33) + -5 + (-7 - 0) + 6.
-7
Calculate (12 - (12 + -5)) + -3 + (10 - 3).
9
What is the value of 10 + (28 - (6 + 20))?
12
What is the value of 6 + 0 + -1 + (-15 - (-34 - -25))?
-1
What is -220 - -209 - (-5 + -1) - (-6 + 0)?
1
Evaluate -9 - 4 - (2 + -5 - (-5 - -1)).
-14
Evaluate 22 + (0 - 12 - (2 + -4 + -4)).
16
Evaluate (-23 - -28) + (-10 - 9).
-14
What is (7 + -6 + 8 - 13) + -1 + 13?
8
Calculate -1 - (-6 + -2) - 9 - 10.
-12
Evaluate 0 + (8 + -10 + -1 + 2 - -7).
6
Evaluate -13 + (9 - 0) + (4 + 0 - 15).
-15
Evaluate 12 - (10 - (9 - 4 - -6)).
13
What is -7 - (-27 - (-10 + -7 + 9 + 1))?
13
Calculate 3 + (53 - 27) + -20 - (6 + 0).
3
Calculate -7 + (108 - 89 - (1 - 8)).
19
What is 28 - ((-25 - -34) + -6)?
25
Evaluate -11 - (16 + -3 - (13 + 8)).
-3
-1 - -8 - 0 - 25 - -6 - 8
-20
What is the value of 41 + -2 + (594 - 605)?
28
What is -1 + 28 + (-10 - 6) + -25?
-14
What is the value of (11 - 3) + (1 - (25 - (5 - 7)))?
-18
What is the value of 17 - ((67 - 72) + 1 + -4)?
25
(-16 - (-15 - -6)) + (-7 - -9)
-5
What is the value of -36 - 0 - -23 - (-2 + 8 + -3)?
-16
What is -11 + (31 - 19) + -14 - 1?
-14
What is the value of -28 + -23 - -26 - -22 - (0 - 15)?
12
50 + -49 + 11 + 0 + 11
23
What is -48 + 43 + 23 + -28?
-10
What is 1 + 6 - (-38 - -17 - -23) - -8?
13
-9 - (1 + (7 - (1 - -5)) + 6)
-17
What is 9 + -22 + 22 - (24 - 12)?
-3
-6 - (-9 + -8 + 15 - (-1 + 1))
-4
Calculate 0 - (-4 + (3 - 6)).
7
What is 2 + -16 + -1 - (-559 + 572)?
-28
Evaluate (-4 - -10) + -1 + (11 - 24 - 6).
-14
What is -35 + 19 + 8 + 1 + 16?
9
What is the value of 64 - (5 - (4 + -34))?
29
What is the value of (-27 - -20 - (-4 + 2)) + 4 + -10?
-11
What is the value of -7 + 1 + 13 + -8?
-1
3 + 34 + -37 + -21
-21
What is the value of 16 + 24 + -38 + (-1 - -17)?
18
Evaluate (3 - (4 - 0 - 0)) + (-4 - 7).
-12
What is (-8 + 0 + 7 - -9) + 8 + -7?
9
Evaluate -7 - 2 - (145 + -138).
-16
What is the value of 0 + -24 - (676 + -701)?
1
351 - 376 - (0 + -13)
-12
What is 514 + -493 - (10 + -1 + 0)?
12
-3 - (3 - (3 + -6 + 6 + -5))
-8
Evaluate ((-3 - 2) + (41 - 32) - -3) + 24.
31
Calculate (0 - 24) + (-221 - -238).
-7
Calculate -37 + 47 + -38 + 4 + -1.
-25
Evaluate 8 + (-36 - -4) + 34.
10
0 + -26 + (226 - 188)
12
-1 - -29 - (-2 + -9 + 8)
31
What is the value of (-232 - -223) + (2 - -9)?
2
Calculate (-37 - 1) + (70 - (3 + 65)).
-36
Evaluate 2 + 2 + -8 + -2 - (-12 + 3).
3
Calculate -14 + -1 + 18 + 4.
7
Calculate 7 + (-1 - 0) - (822 + -841).
25
Calculate -17 - (-36 + (-15 - -24)).
10
What is the value of 5 - (4 - (8 + -6)) - (8 + -2)?
-3
What is the value of 3 - ((0 - 8) + (-4 - -7))?
8
What is -12 + 7 + (-28 - -13) + 11?
-9
Calculate 8 + 2 - (-11 - (-9 - -2)).
14
Calculate (-3 - (21 - 12)) + 19 + -22.
-15
What is -4 + -2 + -3 - (0 + -11 + 6)?
-4
Evaluate 11 + (-20 - -2 - -4).
-3
What is 17 + 12 + (10 - 23)?
16
14 - 20 - (15 - 9)
-12
Evaluate (-16 - 26) + 13 - -27.
-2
What is the value of (7 + 2 - 0) + (5 - 2)?
12
What is the value of (-28 - -2) + -2 + -1 + -3 + 4?
-28
Calculate 7 + -22 + 7 + 20 